{"id":143,"date":"2020-07-04T15:47:47","date_gmt":"2020-07-04T13:47:47","guid":{"rendered":"http:\/\/www.fpfinanz.at\/?page_id=143"},"modified":"2023-05-23T18:52:34","modified_gmt":"2023-05-23T16:52:34","slug":"impressum","status":"publish","type":"page","link":"https:\/\/www.fpfinanz.at\/?page_id=143","title":{"rendered":"Impressum"},"content":{"rendered":"\n<h2 class=\"wp-block-heading\">Anschrift<\/h2>\n\n\n\n<p>Macheiner &amp; Partner<br>DC Tower<br>Donau-City-Strasse 7, 30. Stock<br>A-1220 Wien<\/p>\n\n\n\n<h3 class=\"wp-block-heading\">Firmendaten<\/h3>\n\n\n\n<p>Firmenname:                                       Naomidavid Ltd. <br>Gesch\u00e4ftsf\u00fchrung:                           Herbert Macheiner<br>Unternehmensgegenstand:        Management Consulting<br>Adresse:                                                152, Office 9, Naxxar Road, San Gwann <br>Bundesland:                                       SGN 9030 <br>Land:                                                      Malta<\/p>\n\n\n\n<p>Email:               h.macheiner@fpfinanz.at<br>Homepage:    www.fpfinanz.at<\/p>\n\n\n\n<p>Firmenbuchnummer: Reg.No.: C 9214                <br>UID-Nr.:  MT26416312,                       <br>TIN: 999897025           <\/p>\n\n\n\n<p><a href=\"https:\/\/firmen.wko.at\/Web\/DetailsInfos.aspx?FirmaID=407c8ab3-7d49-4229-9dc9-3ac95cfc7554&amp;StandortID=0&amp;Suchbegriff=schlau&amp;Page=1\" target=\"_blank\" rel=\"noreferrer noopener\">Informationspflicht lt. \u00a7 5 Abs. 1 E-Commerce-Gesetz<\/a><\/p>\n\n\n\n<h3 class=\"wp-block-heading\">Website Informationen<\/h3>\n\n\n\n<p>Verantwortlich: Naomidavid Ltd. <\/p>\n\n\n\n<p>Naomidavid Ltd. pr\u00fcft und aktualisiert die Informationen auf ihren Webseiten st\u00e4ndig. Trotz aller Sorgfalt k\u00f6nnen sich die Daten inzwischen ver\u00e4ndert haben. Eine Haftung oder Garantie f\u00fcr die Aktualit\u00e4t, Richtigkeit und Vollst\u00e4ndigkeit der zur Verf\u00fcgung gestellten Informationen kann daher nicht \u00fcbernommen werden. Gleiches gilt auch f\u00fcr alle anderen Websites, auf die mittels Hyperlink verwiesen wird. Das Herstellen von Verbindungen zu derartigen Websites erfolgt auf eigene Gefahr. Naomidavid Ltd.  ist f\u00fcr den Inhalt der Websites, die aufgrund einer solchen Verbindung erreicht werden, nicht verantwortlich. Des Weiteren beh\u00e4lt sich Naomidavid Ltd.  das Recht vor, jederzeit \u00c4nderungen oder Erg\u00e4nzungen der bereitgestellten Informationen vorzunehmen. Inhalt und Struktur dieser Websites sind urheberrechtlich gesch\u00fctzt. Die Vervielf\u00e4ltigung von Informationen, insbesondere die Verwendung von Texten, Textteilen oder Bildmaterial bedarf der vorherigen Zustimmung des Urhebers.<\/p>\n","protected":false},"excerpt":{"rendered":"<p>Anschrift Macheiner &amp; PartnerDC TowerDonau-City-Strasse 7, 30. StockA-1220 Wien Firmendaten Firmenname: Naomidavid Ltd. Gesch\u00e4ftsf\u00fchrung: Herbert MacheinerUnternehmensgegenstand: Management ConsultingAdresse: 152, Office 9, Naxxar Road, San Gwann Bundesland: SGN 9030 Land: Malta Email: h.macheiner@fpfinanz.atHomepage: www.fpfinanz.at Firmenbuchnummer: Reg.No.: C 9214 UID-Nr.: MT26416312, TIN: 999897025 Informationspflicht lt. \u00a7 5 Abs. 1 E-Commerce-Gesetz Website Informationen Verantwortlich: Naomidavid Ltd. Naomidavid Ltd. &hellip; <\/p>\n<p class=\"link-more\"><a href=\"https:\/\/www.fpfinanz.at\/?page_id=143\" class=\"more-link\"><span class=\"screen-reader-text\">\u201eImpressum\u201c<\/span> weiterlesen<\/a><\/p>\n","protected":false},"author":3,"featured_media":0,"parent":0,"menu_order":0,"comment_status":"closed","ping_status":"closed","template":"","meta":[],"_links":{"self":[{"href":"https:\/\/www.fpfinanz.at\/index.php?rest_route=\/wp\/v2\/pages\/143"}],"collection":[{"href":"https:\/\/www.fpfinanz.at\/index.php?rest_route=\/wp\/v2\/pages"}],"about":[{"href":"https:\/\/www.fpfinanz.at\/index.php?rest_route=\/wp\/v2\/types\/page"}],"author":[{"embeddable":true,"href":"https:\/\/www.fpfinanz.at\/index.php?rest_route=\/wp\/v2\/users\/3"}],"replies":[{"embeddable":true,"href":"https:\/\/www.fpfinanz.at\/index.php?rest_route=%2Fwp%2Fv2%2Fcomments&post=143"}],"version-history":[{"count":9,"href":"https:\/\/www.fpfinanz.at\/index.php?rest_route=\/wp\/v2\/pages\/143\/revisions"}],"predecessor-version":[{"id":310,"href":"https:\/\/www.fpfinanz.at\/index.php?rest_route=\/wp\/v2\/pages\/143\/revisions\/310"}],"wp:attachment":[{"href":"https:\/\/www.fpfinanz.at\/index.php?rest_route=%2Fwp%2Fv2%2Fmedia&parent=143"}],"curies":[{"name":"wp","href":"https:\/\/api.w.org\/{rel}","templated":true}]}}